 divide 72186821?
False
Does 31 divide 272539625?
False
Is 2 a factor of 792094?
True
Is 6620 a factor of 70602300?
True
Does 20 divide 21820160?
True
Is 1673 a factor of 42753515?
True
Is 22 a factor of 298426304?
True
Is 28 a factor of 54119576?
True
Is 133 a factor of 40651583?
True
Does 223 divide 159394379?
True
Is 976261200 a multiple of 15?
True
Is 229884224 a multiple of 2032?
True
Is 65272452 a multiple of 238?
True
Is 11 a factor of 133844162?
False
Is 409 a factor of 535574048?
True
Does 2735 divide 45985497?
False
Is 72930158 a multiple of 204?
False
Is 805 a factor of 13216377?
False
Does 616 divide 576402904?
True
Is 327194175 a multiple of 105?
True
Is 99583452 a multiple of 36?
True
Is 451431531 a multiple of 1299?
False
Is 1200801778 a multiple of 11?
True
Does 18 divide 396337518?
True
Is 206 a factor of 679481936?
True
Is 224 a factor of 141659840?
True
Is 661131249 a multiple of 2271?
True
Is 470 a factor of 2008575?
False
Is 1153747734 a multiple of 290?
False
Is 44 a factor of 411932400?
True
Is 722315483 a multiple of 5748?
False
Does 20 divide 81230306?
False
Is 2926 a factor of 22062040?
True
Is 610 a factor of 95582696?
False
Is 658 a factor of 2406732859?
False
Does 6 divide 184697625?
False
Does 20 divide 92498879?
False
Is 10 a factor of 106337940?
True
Is 173467539 a multiple of 8?
False
Is 4132 a factor of 64171526?
False
Is 9 a factor of 1822579474?
False
Is 39 a factor of 7254234?
True
Does 13 divide 2748543?
False
Does 236 divide 58995009?
False
Is 21 a factor of 11738119?
False
Is 36967840 a multiple of 112?
True
Does 24 divide 325314264?
True
Is 32 a factor of 224389993?
False
Is 8088916 a multiple of 78?
False
Is 23 a factor of 38635316?
False
Is 281 a factor of 1032336782?
False
Is 138140856 a multiple of 56?
True
Does 4 divide 1064901?
False
Is 8629 a factor of 3305844108?
False
Is 7 a factor of 158558046?
False
Is 4 a factor of 11807384?
True
Is 790 a factor of 81193830?
True
Does 32 divide 229879289?
False
Is 206271527 a multiple of 7?
True
Is 3506 a factor of 188085614?
False
Is 45 a factor of 6685741?
False
Is 291 a factor of 219409344?
True
Is 104900520 a multiple of 10?
True
Is 782345 a multiple of 7?
False
Does 1430 divide 96071239?
False
Is 993565027 a multiple of 7?
True
Is 662379286 a multiple of 16?
False
Does 8078 divide 1202067273?
False
Is 460 a factor of 1274964060?
True
Is 46 a factor of 324396784?
True
Is 4170 a factor of 89882388?
False
Is 84360612 a multiple of 16?
False
Is 3 a factor of 23397?
True
Is 38859660 a multiple of 30?
True
Is 650 a factor of 16944945?
False
Does 382 divide 65123012?
False
Is 104 a factor of 640508433?
False
Does 132 divide 141443676?
True
Is 22124670 a multiple of 304?
False
Is 1787 a factor of 22314269?
True
Does 4701 divide 940087176?
True
Is 325670904 a multiple of 68?
True
Is 202 a factor of 276999686?
False
Is 104 a factor of 5456931480?
True
Is 10 a factor of 48065330?
True
Is 9093 a factor of 466998294?
True
Is 55 a factor of 62231510?
True
Is 168551079 a multiple of 76?
False
Is 771276588 a multiple of 4643?
True
Is 25522375 a multiple of 61?
False
Is 49 a factor of 28214102?
True
Does 593 divide 186857484?
False
Is 21 a factor of 48147414?
True
Is 1125 a factor of 24741233?
False
Is 10 a factor of 10226800?
True
Is 21523407 a multiple of 601?
False
Is 3488590 a multiple of 86?
True
Is 185165383 a multiple of 872?
False
Is 471486988 a multiple of 7?
True
Is 1317 a factor of 549410256?
True
Is 76779400 a multiple of 284?
True
Does 3216 divide 460199952?
True
Does 3 divide 14516112?
True
Is 7103140 a multiple of 913?
True
Is 1086683455 a multiple of 605?
True
Does 960 divide 26647522?
False
Is 336072128 a multiple of 7?
True
Is 13 a factor of 926357055?
True
Is 43 a factor of 249800115?
True
Does 625 divide 1719375?
True
Is 434 a factor of 184824866?
False
Is 710 a factor of 46061822?
False
Is 10 a factor of 36123070?
True
Does 46 divide 693450?
True
Does 6 divide 72077712?
True
Is 36 a factor of 641186795?
False
Is 205113988 a multiple of 743?
False
Is 115345575 a multiple of 3565?
True
Is 728531560 a multiple of 88?
False
Is 197 a factor of 132128688?
True
Is 55 a factor of 37845775?
True
Is 52688867 a multiple of 2571?
False
Is 10 a factor of 642730?
True
Is 2555 a factor of 80399367?
False
Is 119 a factor of 18556423?
False
Does 16 divide 275517604?
False
Is 173 a factor of 964545773?
False
Is 759 a factor of 891939910?
False
Is 14 a factor of 986495832?
True
Does 43 divide 90090793?
False
Is 17 a factor of 6979738?
False
Does 31 divide 31271250?
True
Does 12 divide 12687306?
False
Is 206643858 a multiple of 522?
False
Is 58 a factor of 27267744?
False
Is 27368110 a multiple of 112?
False
Is 5670 a factor of 706665063?
False
Is 11 a factor of 11414083?
False
Is 1530186361 a multiple of 4441?
False
Is 27818900 a multiple of 1589?
False
Is 421917857 a multiple of 924?
False
Is 15947032 a multiple of 328?
True
Is 7244070 a multiple of 57?
False
Is 434386336 a multiple of 16?
True
Is 19 a factor of 25274598?
True
Is 55276550 a multiple of 2?
True
Is 2636649967 a multiple of 49?
True
Is 6361 a factor of 1237816092?
False
Does 1376 divide 110258456?
False
Does 13 divide 28167672?
True
Is 18 a factor of 407287959?
False
Is 1602479023 a multiple of 19?
False
Is 848 a factor of 23115767?
False
Does 113 divide 811468368?
True
Is 857497342 a multiple of 186?
False
Does 37 divide 38520478?
True
Is 32155552 a multiple of 416?
True
Does 3 divide 1026628?
False
Is 22 a factor of 652163920?
False
Does 37 divide 446092134?
False
Does 268 divide 2255794297?
False
Does 30 divide 699855754?
False
Does 17 divide 32322049?
True
Is 644914200 a multiple of 15?
True
Does 222 divide 4343480?
False
Does 50 divide 436200?
True
Does 622 divide 20368458?
False
Is 40176664 a multiple of 74?
False
Is 649720 a multiple of 40?
True
Is 54678935 a multiple of 115?
True
Is 2306 a factor of 439774954?
True
Is 17 a factor of 8355116?
False
Is 36870978 a multiple of 32?
False
Does 1333 divide 38186451?
True
Is 6969 a factor of 251155791?
True
Does 842 divide 3384020734?
True
Does 3542 divide 100299620?
False
Is 197 a factor of 42334905?
False
Does 563 divide 27449829?
False
Does 121 divide 6715984?
True
Does 52 divide 2276487876?
True
Is 1170 a factor of 159255221?
False
Is 429848160 a multiple of 1417?
False
Is 31457844 a multiple of 66?
True
Is 1091610654 a multiple of 447?
True
Is 419 a factor of 5500213?
True
Is 734 a factor of 183151935?
False
Does 3 divide 949728?
True
Is 3233504 a multiple of 296?
True
Is 656308812 a multiple of 93?
True
Is 4056 a factor of 206811384?
True
Is 6 a factor of 235986414?
True
Is 11202462 a multiple of 9?
True
Does 25 divide 221753040?
False
Is 34 a factor of 6487127462?
False
Is 757676370 a multiple of 165?
True
Is 136 a factor of 232454133?
False
Is 117211089 a multiple of 24?
False
Is 197954783 a multiple of 13?
True
Does 18 divide 329300?
False
Does 14 divide 264129558?
True
Does 3044 divide 169094200?
True
Does 344 divide 144760867?
False
Does 201 divide 1056339822?
True
Does 34 divide 282277690?
True
Is 441633150 a multiple of 658?
True
Is 28473388 a multiple of 123?
False
Does 606 divide 569161866?
True
Does 1323 divide 234546817?
False
Does 701 divide 288707551?
True
Is 61 a factor of 196383840?
False
Is 374497457 a multiple of 24?
False
Is 98 a factor of 2953713532?
True
Is 3244 a factor of 90682776?
True
Is 4226 a factor of 570510?
True
Is 239 a factor of 10426853?
True
Does 60 divide 507704820?
True
Is 24052740 a multiple of 30?
True
Is 314698225 a multiple of 5?
True
Does 1401 divide 55847131?
False
Is 11 a factor of 665416446?
False
Does 153 divide 5862067?
False
Is 25 a factor of 16060226?
False
Does 8 divide 32298722?
False
Is 993 a factor of 2974003012?
False
Is 13202638 a multiple of 7?
False
Is 88133818 a multiple of 722?
True
Is 2451816956 a multiple of 22?
False
Does 217 divide 626479?
True
Does 100 divide 26753172?
False
Is 23043200 a multiple of 16?
True
Does 74 divide 28212694?
False
Is 1889075186 a multiple of 104?
False
Does 9 divide 44976384?
True
Is 666144320 a multiple of 40?
True
Is 894 a factor of 1035363750?
True
Does 47 divide 54560138?
True
Does 225 divide 20237357?
False
Does 203 divide 10563105?
True
Does 488 divi